 What is b(5)?
-14
Let j(f) = f**3 + 8*f**2 - f - 6. Let k be j(-8). Suppose k*g + 3*g - 5*m = -10, -3*g + 4*m = 10. Let t(s) = -4 - 3*s + 4 + 5*s - g. What is t(3)?
4
Let c be (18/6 + -6)/(6/16). Let t(k) = k**2 + 6*k + 5. Determine t(c).
21
Let h(p) = -p + 2. Let o be h(0). Suppose x = o - 3. Let v(a) be the third derivative of a**6/30 - a**5/30 - a**4/24 + 12*a**2. Give v(x).
-5
Let y be 832/(-390) - (-2)/15. Let x(c) = -3*c - 5. What is x(y)?
1
Let o(d) = 52*d - 119*d + 65*d - 14. What is o(-7)?
0
Suppose 5*y = r + 35, -76*y + 7 = -75*y + 2*r. Let a(s) = s**2 - s - 1. Let l(q) = 5*q**2 - 8*q - 13. Let c(w) = -4*a(w) + l(w). Determine c(y).
12
Let m(q) = -6*q + 9. Suppose -2*w + k = -6, -2*w - 7*k = -2*k + 6. Give m(w).
-3
Let x(b) = -b**3 + 3*b**2 + b - 5. Let q(k) be the first derivative of k**4/4 - 2*k**3/3 - k**2/2 + 4*k + 25. Let u(g) = -5*q(g) - 4*x(g). Determine u(1).
-2
Let w(p) = -5*p + 5. Let y(a) = -26*a + 28. Let o(d) = 11*w(d) - 2*y(d). What is o(-5)?
14
Let s = -541 + 535. Let v(o) = o**2 + 6*o - 3. Determine v(s).
-3
Let v(b) be the second derivative of -1/2*b**2 + 13/6*b**3 + 13*b + 0. What is v(-1)?
-14
Let m(g) = 3*g**3 + 67*g + 2*g**3 - 2*g**3 - g**2 - 1 - 2*g**3 - 68*g. Suppose 7*o - 40 = 2*o. Let s = o + -6. Give m(s).
1
Let w(f) = -3*f**2 - f + 6. Let a(m) = -m**2 + 2. Let r(j) = 11*a(j) - 4*w(j). What is r(-8)?
30
Let i(w) = -w**2 - 8*w - 9. Let m be i(-6). Let a(n) be the second derivative of -n**4/6 + n**3/2 + n**2/2 - 352*n. What is a(m)?
-8
Let r = -18 + 18. Suppose r = g + g + 6, 2*s - 2 = -2*g. Suppose 22 = s*c - 2. Let h(u) = u**3 - 7*u**2 + 5*u. What is h(c)?
-6
Let a(y) = -y**3 + 5*y**2 - y. Suppose -2*r - 9 = 3*k, 0 = 4*r + 8*k - 3*k + 13. Let n(p) = 2 + 6 - r - 4. Let l(u) = a(u) - 2*n(u). Give l(5).
-7
Let h = 3 + -4. Let a(m) be the third derivative of m**5/20 - m**3/6 + 19*m**2 + 1. Determine a(h).
2
Let s(l) = 6*l**3 + 12*l**2 - l + 4. Let g be 91/(-26)*1*2. Let d(f) = 5*f**3 + 11*f**2 - f + 4. Let u(h) = g*d(h) + 6*s(h). Calculate u(5).
1
Let m = -103 - -112. Let c(h) = h**2 - 6 - m*h + 10*h + 9. What is c(-3)?
9
Let m(x) be the second derivative of -x**5/20 + 5*x**4/12 + x**3 + 4*x**2 + 832*x. Let l be 6 + 0*2/4. Give m(l).
8
Let j(u) be the second derivative of -u**4/12 - u**3/3 + u**2 - 3*u. Suppose -18 = i - 20. Give j(i).
-6
Let k(t) be the first derivative of t**3 - 2*t - 1/2*t**2 + 8 + 1/2*t**4. Determine k(-2).
-4
Let c(q) = q**3 + 6*q**2 - 3*q + 9. Let d(h) = -8*h**3 - 41*h**2 + 19*h - 64. Let y(g) = 15*c(g) + 2*d(g). Give y(7).
7
Let g(n) = n**3 - 37*n**2 - 37*n - 38. Suppose -2*t - 73*t = -2850. Determine g(t).
0
Let o(q) = -3*q**2 - 4*q - 2. Let y(d) = 7*d**2 + 7*d + 4. Let v(x) = 9*o(x) + 4*y(x). Let m = 60 - 53. What is v(m)?
-9
Let l(g) be the first derivative of -g**2 - 5*g + 7. Let t be (-5)/2*30/(-25). Let s = t - 7. What is l(s)?
3
Let q = 4 + -4. Let o = q - -2. Let j(f) be the second derivative of -f**5/20 - f**3/3 + 3*f**2/2 + 2*f - 63. Give j(o).
-9
Let q(j) = -j**3 - 4*j**2 - 3*j - 1. Let b(c) = -c + 27. Let s be b(-9). Let g be 10/(-3)*s/30. Calculate q(g).
11
Let p(r) = -2*r**2 + 2*r**2 - 130*r + r**2 + 65*r + 70*r - 17. What is p(-7)?
-3
Let v = -6 + 9. Let s(n) be the third derivative of n**5/60 - n**4/3 - 15*n**2. Let i(r) = r**2 - 7*r + 1. Let f(t) = -3*i(t) + 2*s(t). What is f(v)?
3
Let k be (-4)/(-12) - 21/9. Let s(o) be the third derivative of -o**4/6 - o**3/6 - 6*o**2. What is s(k)?
7
Suppose -23 = -f - 26. Let w(x) be the third derivative of 4*x**2 + 0*x + 1/2*x**3 + 1/60*x**5 + 0 + 1/6*x**4. Calculate w(f).
0
Suppose -o + 20 = 2*t + 6, 3*t - 18 = -3*o. Let p(q) = -3 + 0 - 2*q + 5 + t. What is p(7)?
-4
Suppose 102 = -10*j + 132. Let g(c) = -c + 3. Determine g(j).
0
Let x(t) be the first derivative of 1/4*t**4 + 4 - 1/3*t**3 - 3*t - 1/2*t**2. What is x(3)?
12
Let y(l) = -l**3 + 0*l**3 - 4 + 2*l - 5*l**2 + 2*l**3 + 7. Let p(w) = -4*w - 16. Let j be p(-5). Calculate y(j).
-5
Let t(s) = s**3 - 9*s**2 - 7. Suppose -13*j = -4*l - 9*j + 56, 0 = -2*l + 4*j + 38. Calculate t(l).
-7
Let r = -5 - -6. Let s(q) = 0 + r - q + 0*q + 1. Suppose 3*l = o - 3, -11 = 4*o - 2*l - 3. Calculate s(o).
5
Let m(q) = 3*q - 2. Suppose 2*a + z = -2*z + 1, 11 = 4*a - 3*z. Let d be 6/(-2) - (4 - 54/6). Let i = d + a. What is m(i)?
10
Let o(z) be the second derivative of -z**4/12 - z**3/2 - 470*z. What is o(-2)?
2
Let v(b) = -b**2 + 0*b**3 - 2*b**2 + 1 - 2*b**3. Suppose 2*c = 4*r + 72, -3*c - 4*r + 0*r + 98 = 0. Let h = -36 + c. Determine v(h).
5
Let d(r) be the third derivative of r**4/12 + 11*r**3/6 + 95*r**2. Calculate d(-8).
-5
Let s(n) = -n**3 - 7*n**2 + n - 4. Suppose 43*z = -301 - 0. Calculate s(z).
-11
Let z be (-14)/21 - 109/3. Let v = z + 59. Let h(u) = 2*u**2 - u**2 - 24 + v. Give h(4).
14
Suppose w = -10 + 1. Let k(x) be the first derivative of x**3/3 + 7*x**2/2 - 12*x - 130. Give k(w).
6
Let v(b) = -17*b - 241. Let u be v(-14). Let d(x) = -x**3 - x**2 + 3*x - 1. Give d(u).
8
Let d = 13 + -10. Let b(q) = -2 - 2*q**3 - 5*q - 2*q**d + 4*q**2 - q**2 + 5*q**3. Calculate b(-4).
2
Let l be (-3)/(-21) - 15/7. Let q be (17/(-5) - -1)/(l/5). Let c(o) = o**3 - o - 2*o**2 - 2*o**2 - 2*o**2. Determine c(q).
-6
Let o be (2/16)/(4/32). Let d(j) be the second derivative of -j**3/3 - j**2/2 + 3*j. Calculate d(o).
-3
Let l(j) = -2*j**3 + j**2 + 3*j - 1. Let k be (-6 - (1 + -5))*14/(-4). Let d be (5/(-2))/((-4)/(-8)). Let n = d + k. Calculate l(n).
-7
Suppose -36 + 9 = -5*x + 2*k, 0 = -4*x - 4*k + 44. Let q(w) = -w**3 + 7*w**2 - w + 7. What is q(x)?
0
Let v be (-1)/3 + 112/12. Let p(g) = -3 - g - v*g + 12*g - g. Calculate p(3).
0
Let x(b) = 3*b**2 - 3*b - b**2 + 11 - 12 - b**2. What is x(2)?
-3
Let q(k) = 16*k**2 - 4*k - 7. Let a(w) = 14*w**2 - 4*w - 7. Let b(r) = 7*a(r) - 6*q(r). Determine b(6).
41
Let j(s) = -s**2 - s - 17. Let z be -4*2/6 - (-72)/54. Calculate j(z).
-17
Suppose -27 = -3*d - 0*d + 5*u, -5*d + 58 = -4*u. Suppose -2*f = -6, -p + 4*f = -3*p + d. Let z(s) = -7*s + 3*s + 6*s - p. Determine z(-4).
-9
Let v(k) be the first derivative of -5 + 1/2*k**2 + 0*k + 8/3*k**3. Let x(m) = m**3 + 8*m**2 + 8*m + 6. Let y be x(-7). Determine v(y).
7
Let c(j) = -j**2 + 3*j + 3. Suppose 0 = -4*x - 5*n - 25, n + 4*n + 10 = -x. Let z be 1/((10/(-8))/x). Give c(z).
-1
Let i(p) = -2310*p**2 + 7*p + 1 - 5 - 1 + 1 + 2311*p**2. Let q be 4/(-14) + (-40)/7. Calculate i(q).
-10
Let k = -6 + 6. Let j be 9/(9/6 + k). Let t(l) = 3 - 2 + 2 - 7*l + 3*l**2 - 2*l**2. Calculate t(j).
-3
Let v(g) = -4 + 6 + g**2 + 1 + g**2 - 2*g. Calculate v(4).
27
Let f(r) = -r**2 - 9*r - 18. Suppose -s = 3*i + 21, 0*i - 4*i - 30 = 2*s. Calculate f(i).
0
Let c(k) = 7*k**2 - k + 1. Let o(w) = 4*w**2 + 1. Suppose -3 = -6*i + 15. Let s(d) = i*c(d) - 5*o(d). Calculate s(2).
-4
Suppose -65*z = -64*z + 6. Let h(v) = v**3 + 7*v**2 + 3*v + 3. What is h(z)?
21
Let l(y) be the first derivative of y**4/4 + 4*y**3/3 - 5*y**2/2 - 5*y - 1. Suppose 16 = -4*s + k + k, -2*s + 4*k - 8 = 0. Determine l(s).
15
Let l(k) = -4*k + 5. Let b be l(0). Let z(v) = 6*v**2 + 9. Let n(x) = -5*x**2 + x - 8. Let d(r) = 5*n(r) + 4*z(r). Calculate d(b).
-4
Let u(j) be the second derivative of -2*j**3/3 - 34*j. Let i(t) = -t - 2. Let w(d) = -3*i(d) + u(d). Calculate w(5).
1
Suppose 99 = -z + 101. Let y(q) = -3 - z*q**2 - 2 + 7 + q**2 + q. Calculate y(3).
-4
Suppose 62 + 88 = 30*h. Let y(p) = -p + 8. Give y(h).
3
Let p(x) = x**3 - x**2 - 17. Let j = -8 - 9. Let l = 18 - 35. Let d = j - l. Give p(d).
-17
Let b(r) = 32*r + 11. Let n(q) = -7*q - 3. Let d(s) = -2*b(s) - 9*n(s). Give d(-4).
9
Let p(z) = -9*z - 34. Let k be p(-4). Let l(h) = -1 - 1 + 0 + 25*h - 21*h. Calculate l(k).
6
Let p(r) = -r**2 - 11*r - 7. Suppose 24 = 5*m + 3*m. Let h be (1 - (-50)/(-15))*m. What is p(h)?
21
Suppose 5 = 4*p - 7. Suppose 3*k = -4*x - 4, x + 22 = 6*x - p*k. Let s(v) = 2*v**2 - 2*v + 1. What is s(x)?
5
Let q(a) = 20*a - a**3 + 7*a - 25*a - a**2. What is q(2)?
-8
Let o(n) be the first derivative of n**3/3 - 3*n**2 - 16*n + 218. Calculate o(7).
-9
Suppose 6*v + 151 = 49. Let y(i) = i**2 + 18*i + 16. What is y(v)?
-1
Let x = -7 - -10. Let l(d) = d - 4. Let f(q) = q - 5. Let c(b) = x*l(b) - 2*f(b). Give c(-6).
-8
Let i(n) = n**2 - 6*n - 1. Let x be (-2*1)/2*(-11 - -8). Suppose 0 = 2*w - 5*g - x 